-5) + (-4)/f is divided by 11.
8
Suppose -l + 23 = 8. What is the remainder when 12/9*(-63)/(-2) is divided by l?
12
What is the remainder when 1022 - (21 - 12 - 9) is divided by 32?
30
Suppose 108 = 228*r - 234*r. Suppose 6*b - 3*b - 427 = -5*v, -753 = -5*b + 2*v. Let h = r + b. Calculate the remainder when h is divided by 33.
32
Suppose -10*m - 1140 = -67*m. What is the remainder when 98 is divided by m?
18
Let u(k) = 19*k - 63. Calculate the remainder when 164 is divided by u(4).
8
Let n be -4 - (-6)/((-18)/(-21)). Suppose n*c + 69 = -5*a + 669, 4*c = -2*a + 254. Calculate the remainder when a is divided by 40.
37
Let j = -250 - -258. Suppose 4*c - 88 = -0*c. What is the remainder when c is divided by j?
6
Suppose 5*x - 91 = -5*u - 371, -60 = u + 2*x. Let s = -23 - u. Suppose -k = -0*k - 10. What is the remainder when s is divided by k?
9
Let r = -78 - -182. Suppose r = 2*a + 8. What is the remainder when a is divided by 17?
14
Suppose -5*t = -3*c + 419, -15*c + 14*c - 4*t = -117. What is the remainder when c is divided by 27?
25
Let b(w) = 3*w - 2. Let o be b(2). Suppose -3 = o*v - 15. Suppose -80 = -v*k - k. Calculate the remainder when k is divided by 11.
9
Suppose -10*q + 0*q = -0*q. Calculate the remainder when ((-50)/20)/(2/(-28) - q) is divided by 19.
16
Let p = 999 - 934. What is the remainder when 266 is divided by p?
6
Let r be (-10)/(-25) - (-46)/10. Suppose -160 - 80 = -r*z. Let c = z + -33. What is the remainder when 74 is divided by c?
14
Suppose 0 = -3*m + 360 + 225. Calculate the remainder when m is divided by 14.
13
Let b = -59 - -104. Suppose 0 = -4*l - 4*c + 108, 2 = l - 3*c - b. What is the remainder when 62 is divided by l?
30
Let y(q) = 13*q**2 - q. Let u be y(2). Suppose -20 = -b - l, -3*b + u = 4*l - 6*l. Calculate the remainder when 48 is divided by b.
12
Suppose -15*x = 13*x - 392. What is the remainder when (-1)/(-1*(-2)/(-134)) is divided by x?
11
Let s(n) = n**3 - 6*n**2 - 19*n + 31. What is the remainder when s(10) is divided by 63?
52
Let w(o) = 5*o**2 - 41*o - 335. What is the remainder when w(-7) is divided by 70?
57
Calculate the remainder when 16 is divided by (-8)/12 + 32/3.
6
Suppose -3*z = b - 122, -138 = -b - 0*z + 5*z. Suppose 184 = 4*q + 3*v, -q + v = -31 - 8. What is the remainder when b is divided by q?
42
Suppose -2*x - 5*g + 310 = 59, x + 3*g = 127. What is the remainder when x is divided by 19?
4
What is the remainder when -2 + (-96)/(-54) + 938/9 is divided by 32?
8
Let q be (1/4)/(5/40). Suppose p = -q*s + 71, -6*p + p = -4*s + 107. Calculate the remainder when 195 is divided by s.
30
Let d be 4/1 + 2/(-2). Suppose 5*j + d*p = -33 - 58, 0 = 2*j - p + 43. Let a = j + 30. Calculate the remainder when 19 is divided by a.
9
Suppose 3*a - 5*i - 3 = 2*a, 0 = -3*a + i + 23. Let g = 14 - a. What is the remainder when 21 is divided by g?
3
Let y = -60 - -94. Calculate the remainder when y is divided by -3 + 8 + (-4 - -6).
6
Let p(q) = -q**2 - 2*q - 88. Let z be p(0). Let t = -130 - z. Let x = 70 + t. What is the remainder when 82 is divided by x?
26
Suppose -v + 13 = -16. What is the remainder when v is divided by 97/8 - 5/880*22?
5
Suppose 8 = 3*g + g, 2*g = -h + 22. Calculate the remainder when h is divided by 2/28 - 2760/(-560).
3
Suppose -r - 4*z + 63 = -71, 555 = 4*r - 3*z. Calculate the remainder when r is divided by 72.
66
Let j(c) = 65 - 124 + 28*c + 65. Calculate the remainder when j(3) is divided by 13.
12
Let z(p) = -22*p**2. Let i be z(1). Let j = 20 - i. Let f = j + -19. What is the remainder when f is divided by 13?
10
What is the remainder when (-152)/114*10*150/(-8) is divided by 7?
5
Suppose 2*b - 198 = -0*b. Let v = 146 - 295. Let f = 174 + v. Calculate the remainder when b is divided by f.
24
Suppose -9*w + 833 = -319. What is the remainder when w is divided by ((-6)/(-4))/((-9)/(-156))?
24
Suppose -h - 3*h = 4*o + 20, 0 = -h - 5*o - 5. Let d be 8/2 + (-5)/h. Suppose d*z - 43 = 147. What is the remainder when z is divided by 10?
8
Suppose -5*p + 12 - 827 = 0. Let l = 233 + p. What is the remainder when l is divided by 9?
7
Calculate the remainder when 591 is divided by (-1)/((-8)/(576/9)).
7
Suppose -4*b + 5*f + 114 = 0, -6*f = -5*b - f + 140. Calculate the remainder when b is divided by 4.
2
Let h(p) = -p**3 + 13*p**2 + 15*p + 17. Let g be h(14). Suppose -4*q + 63 = 2*n - g, 4*q = -n + 89. What is the remainder when q is divided by 5?
1
Let h = 13 - 3. Let w = -458 + 464. What is the remainder when h is divided by w?
4
Let p(l) = 234*l**2 - 2*l - 1. Let g = 1339 + -1325. What is the remainder when p(-1) is divided by g?
11
Suppose 48 = 493*s - 492*s. What is the remainder when 108 is divided by s?
12
Let d(u) be the third derivative of u**5/60 - u**4/3 + 7*u**3/3 - 5*u**2. Let b be d(6). Calculate the remainder when b + 1 + 83 + -1 is divided by 29.
27
Suppose 7*n - 198 = n. Let d = n - 9. Let g = d + 0. What is the remainder when g is divided by 9?
6
Suppose v - 5*o = 20, 31 = 6*v - v - 2*o. Suppose -v*y + 6*y = -15. Let z(d) = -d**2 - 16*d - 3. What is the remainder when 56 is divided by z(y)?
8
Suppose 0 = -i + 3*i - 26. Suppose -3*y + 200 = -i. What is the remainder when y is divided by 24?
23
Suppose -4*d - 6 = 2, 4*g - 664 = -2*d. Calculate the remainder when g is divided by 34.
31
Suppose 4*m = -3*k + 21, -5 + 2 = k - 2*m. What is the remainder when 36 is divided by k?
0
Let r(a) = -6*a**2 + 0*a**2 + 7*a**2 - a - 6 + 1. What is the remainder when r(-5) is divided by 6?
1
Suppose 0*v - 3*v + 64 = -5*d, -5*d - 60 = -5*v. Let a = d - -31. What is the remainder when a is divided by 10?
7
Suppose 0 = 2*l + 40*l - 8064. Calculate the remainder when l is divided by 59.
15
Let b = 32 - -10. Calculate the remainder when 141 is divided by (-14)/(-4)*216/b.
15
Suppose -26 = 3*c + 34. Let i = -25 + c. Calculate the remainder when (i/(-27))/(2/66) is divided by 14.
13
Suppose -31*m = -23*m - 1912. Calculate the remainder when m is divided by 62.
53
Let g be (66/(-9) - -4)*-3. Let z = g + 1. What is the remainder when (147/6 - 3)*2 is divided by z?
10
Suppose 5*w - 203 = -0*j + 3*j, -2*w + 5*j = -85. Suppose 2*o + 2*o = 4*d - w, 2 = o. What is the remainder when d is divided by ((-10)/(-4))/(3/6)?
2
Let v be (1/2)/((-10)/60). Calculate the remainder when 39 + -3 + -1 - v is divided by 15.
8
Let o be -9*3/(36/8). Let n(z) = z**3 + 7*z**2 - 9*z - 13. Let u be n(o). Let d = u + -51. What is the remainder when d is divided by 15?
11
Suppose 70*x = 60*x + 1000. Calculate the remainder when x is divided by 29.
13
Suppose -5*p - 3 = 17, -2*o + 210 = 3*p. Suppose x = 3*m + o, 3*x + m = -0*m + 303. What is the remainder when x is divided by 27?
21
Let w = 0 + -1. What is the remainder when -3 + w + 4 + 61 is divided by 9?
7
Let f be 1 - 1 - 0/9. Suppose -j + f*j = 6. Let v(b) = -b**3 - 4*b**2 + 6*b + 5. Calculate the remainder when v(j) is divided by 11.
8
Let x = 1373 - 1291. Calculate the remainder when x is divided by 48.
34
Let c = -445 + 520. Calculate the remainder when c is divided by 16.
11
Suppose 6 + 69 = 5*z. Calculate the remainder when 254 is divided by z.
14
Let b(n) = 10*n**2 - 4*n - 5. Let x be b(-1). Suppose -a = 3*r - 39, -5*a + 3*r + 114 = -x. Calculate the remainder when 51 is divided by a.
24
Suppose -820 = 44*z - 49*z. What is the remainder when z is divided by 45?
29
Let j be (-42)/(-7)*(-46)/(-4). Suppose 0 = 7*n - 148 - j. What is the remainder when n is divided by (-176)/(-10) - 18/30?
14
Let z(j) = 73*j + 7. Calculate the remainder when z(4) is divided by 4.
3
Suppose -5*s = -3*a + 61, -5*a + 87 = -0*a - s. Calculate the remainder when 32 is divided by a.
15
Suppose -798 - 594 = -8*v. What is the remainder when v is divided by 39?
18
Suppose 3*g - g + 5*q = -15, 5*g + 5*q = 0. Let j = g - 16. Let c = j + 33. Calculate the remainder when c is divided by 8.
6
Let b(d) = -58*d**3 + 3*d + 3. What is the remainder when b(-1) is divided by 48?
10
Let s = 58 - 20. Calculate the remainder when s is divided by 17.
4
Calculate the remainder when ((-444192)/228)/(-2) - 2/19 is divided by 75.
74
What is the remainder when 237 is divided by (25/(-5))/(25/(-85))?
16
Let l = -2150 + 2381. What is the remainder when l is divided by 74?
9
Suppose -4*w - 16 = 0, -l = -4*w + 8 - 27. Su